in base 3?
-120
Convert 11111101 (base 2) to base 14.
141
What is -11 (base 4) in base 12?
-5
1 (base 4) to base 10
1
What is 5 (base 16) in base 8?
5
What is -3 (base 10) in base 2?
-11
0 (base 5) to base 6
0
Convert 8 (base 16) to base 6.
12
Convert -13 (base 4) to base 7.
-10
What is 4 (base 12) in base 3?
11
What is -10 (base 2) in base 3?
-2
What is -88 (base 12) in base 6?
-252
Convert 15 (base 11) to base 3.
121
What is 0 (base 16) in base 5?
0
What is -17 (base 15) in base 12?
-1a
2 (base 9) to base 4
2
Convert -53 (base 7) to base 14.
-2a
Convert -47 (base 9) to base 12.
-37
0 (base 4) to base 13
0
-10112 (base 3) to base 9
-115
Convert 2 (base 12) to base 11.
2
Convert -1110 (base 2) to base 3.
-112
What is -2 (base 15) in base 11?
-2
Convert -2 (base 4) to base 11.
-2
What is 113 (base 10) in base 13?
89
-7 (base 15) to base 16
-7
-111 (base 3) to base 13
-10
What is 16 (base 11) in base 9?
18
Convert 51 (base 6) to base 8.
37
8e (base 16) to base 2
10001110
-52 (base 14) to base 5
-242
-3 (base 12) to base 9
-3
Convert -86 (base 14) to base 13.
-91
156 (base 7) to base 13
6c
What is -44 (base 5) in base 3?
-220
Convert -4 (base 13) to base 6.
-4
2 (base 5) to base 7
2
What is -3 (base 9) in base 8?
-3
What is 10 (base 13) in base 12?
11
Convert -d (base 15) to base 12.
-11
Convert 122 (base 14) to base 12.
16a
2 (base 4) to base 7
2
Convert -102 (base 4) to base 7.
-24
Convert -22 (base 5) to base 6.
-20
Convert -6 (base 9) to base 7.
-6
-3 (base 13) to base 7
-3
What is -10 (base 2) in base 15?
-2
What is -132 (base 12) in base 15?
-c2
What is -41 (base 13) in base 14?
-3b
Convert 19 (base 16) to base 11.
23
11 (base 5) to base 14
6
What is 1011 (base 2) in base 11?
10
12 (base 3) to base 5
10
What is 127 (base 9) in base 7?
211
What is 10 (base 9) in base 16?
9
-56 (base 10) to base 14
-40
Convert -2 (base 14) to base 5.
-2
Convert -6 (base 16) to base 12.
-6
Convert -131 (base 10) to base 13.
-a1
What is 4 (base 13) in base 10?
4
Convert -1 (base 5) to base 11.
-1
What is -3 (base 16) in base 10?
-3
-51 (base 15) to base 12
-64
17 (base 12) to base 4
103
Convert 4 (base 13) to base 6.
4
Convert -5 (base 14) to base 15.
-5
Convert 2 (base 9) to base 4.
2
Convert -100 (base 2) to base 9.
-4
Convert -19 (base 13) to base 8.
-26
8 (base 16) to base 15
8
What is 6 (base 12) in base 16?
6
0 (base 8) to base 2
0
What is 4 (base 11) in base 6?
4
-2 (base 6) to base 13
-2
Convert 0 (base 5) to base 7.
0
What is -11 (base 3) in base 4?
-10
-4 (base 14) to base 11
-4
Convert -353 (base 6) to base 12.
-b9
What is -31 (base 16) in base 3?
-1211
Convert -232 (base 8) to base 13.
-bb
What is 13 (base 4) in base 14?
7
What is 160 (base 8) in base 5?
422
What is 2 (base 14) in base 5?
2
Convert -5 (base 11) to base 15.
-5
What is 44 (base 12) in base 14?
3a
Convert 1221 (base 3) to base 14.
3a
Convert -11 (base 11) to base 3.
-110
What is 25 (base 11) in base 5?
102
What is -2323 (base 4) in base 5?
-1222
341 (base 6) to base 16
85
What is -6c (base 15) in base 6?
-250
-302 (base 10) to base 14
-178
Convert -c (base 15) to base 11.
-11
-39 (base 13) to base 10
-48
What is -2a (base 14) in base 15?
-28
Convert 12 (base 4) to base 13.
6
What is 1 (base 3) in base 2?
1
Convert 4 (base 16) to base 15.
4
2101 (base 5) to base 3
101020
Convert -6 (base 13) to base 2.
-110
What is 6 (base 7) in base 2?
110
33 (base 7) to base 8
30
a (base 15) to base 10
10
0 (base 3) to base 11
0
What is -6 (base 15) in base 16?
-6
Convert -137 (base 8) to base 5.
-340
Convert 1 (base 3) to base 11.
1
4 (base 5) to base 10
4
Convert 111100 (base 2) to base 8.
74
Convert 1 (base 10) to base 14.
1
What is -9 (base 11) in base 16?
-9
What is -4 (base 16) in base 10?
-4
What is 128 (base 13) in base 15?
d8
Convert 11000 (base 3) to base 13.
84
What is 55 (base 10) in base 12?
47
Convert 14 (base 5) to base 3.
100
Convert -2110 (base 3) to base 5.
-231
What is -2 (base 9) in base 10?
-2
-1010100 (base 2) to base 3
-10010
0 (base 6) to base 3
0
Convert -65 (base 8) to base 14.
-3b
What is 23 (base 4) in base 6?
15
What is 10 (base 4) in base 6?
4
What is 336 (base 7) in base 2?
10101110
Convert 22 (base 11) to base 14.
1a
-9c (base 14) to base 5
-1023
What is -5 (base 9) in base 16?
-5
92 (base 16) to base 14
a6
What is 20 (base 5) in base 4?
22
What is -303 (base 5) in base 4?
-1032
-55 (base 11) to base 7
-114
Convert -220 (base 3) to base 11.
-22
What is 11 (base 10) in base 12?
b
Convert 130 (base 6) to base 8.
66
1142 (base 6) to base 13
185
-143 (base 5) to base 15
-33
Convert 15 (base 8) to base 12.
11
Convert 3 (base 7) to base 13.
3
What is 14 (base 14) in base 10?
18
11 (base 3) to base 12
4
5 (base 11) to base 10
5
What is -69 (base 13) in base 12?
-73
What is 30 (base 16) in base 5?
143
What is 0 (base 8) in base 14?
0
What is -5 (base 6) in base 4?
-11
97 (base 13) to base 9
147
-98 (base 14) to base 11
-112
What is -5 (base 16) in base 10?
-5
Convert -6 (base 8) to base 12.
-6
What is -5 (base 11) in base 14?
-5
5b (base 16) to base 6
231
What is 200 (base 4) in base 16?
20
What is 230 (base 4) in base 13?
35
What is 166 (base 8) in base 10?
118
What is 14 (base 10) in base 12?
12
What is 1 (base 15) in base 7?
1
442 (base 8) to base 5
2130
Convert 11 (base 14) to base 3.
120
Convert 17 (base 14) to base 4.
111
Convert 0 (base 9) to base 15.
0
What is -7 (base 8) in base 4?
-13
Convert 88 (base 10) to base 2.
1011000
Convert 1 (base 3) to base 15.
1
What is 0 (base 12) in base 13?
0
47 (base 8) to base 4
213
What is 30 (base 7) in base 9?
23
What is 16 (base 13) in base 2?
10011
What is -6 (base 7) in base 4?
-12
What is 2 (base 8) in base 10?
2
What is -1 (base 4) in base 7?
-1
1 (base 4) to base 8
1
Convert 18 (base 12) to base 15.
15
-23 (base 8) to base 11
-18
-7d (base 15) to base 13
-91
Convert 20 (base 4) to base 9.
8
Convert 6 (base 9) to base 13.
6
Convert -1 (base 12) to base 7.
-1
What is -6 (base 15) in base 13?
-6
What is -6 (base 9) in base 7?
-6
11 (base 11) to base 8
14
Convert 43 (base 10) to base 14.
31
What is 354 (base 7) in base 6?
510
Convert -41 (base 11) to base 10.
-45
Convert -1 (base 12) to base 4.
-1
Convert -3 (base 13) to base 9.
-3
What is 0 (base 5) in base 4?
0
-23 (base 4) to base 15
-b
3311 (base 4) to base 16
f5
Convert 1 (base 8) to base 14.
1
Convert -4 (base 14) to base 7.
-4
-190 (base 11) to base 7
-433
Convert 110 (base 2) to base 8.
6
Convert 18 (base 11) to base 10.
19
Convert -1022 (base 3) to base 13.
-29
What is -c (base 14) in base 5?
-22
49 (base 10) to base 8
61
Convert 1 (base 6) to base 10.
1
What is 2 (base 4) in base 3?
2
Convert 42 (base 11) to base 2.
101110
Convert -4 (base 14) to base 10.
-4
Convert 2 (base 6) to base 10.
2
Convert -c1 (base 15) to base 9.
-221
-26 (base 16) to base 4
-212
-2 (base 16) to base 15
-2
2 (base 13) to base 3
2
Convert 204 (base 7) to base 5.
402
0 (base 13) to base 4
0
2001 (base 3) to base 7
106
Convert -5 (base 8) to base 15.
-5
-71 (base 12) to base 8
-125
What is -34 (base 6) in base 3?
-211
What is 5 (base 8) in base 12?
5
5 (base 11) to base 13
5
What is 1c (base 14) in base 8?
32
What is 92 (base 10) in base 4?
1130
3 (base 7) to base 10
3
1011 (base 2) to base 16
b
What is -443 (base 9) in base 14?
-1bd
-3 (base 5) to base 13
-3
-3 (base 14) to base 10
-3
Convert 3 (base 15) to base 13.
3
-3 (base 7) to base 15
-3
-3 (base 9) to base 12
-3
113 (base 4) to base 10
23
Convert -4 (base 12) to base 9.
-4
What is 8 (base 9) in base 14?
8
What is 0 (base 8) in base 13?
0
2 (base 14) to base 12
2
Convert 2 (base 11) to base 5.
2
Convert -34 (base 8) to base 15.
-1d
What is -3 (base 5) in base 2?
-11
What is -1211 (base 5) in base 15?
-c1
-62 (base 11) to base 16
-44
0 (base 13) to base 15
0
What is -9 (base 15) in base 13?
-9
What is 0 (base 9) in base 11?
0
Convert -2 (base 11) to base 13.
-2
Convert 3 (base 15) to base 11.
3
Convert -5 (base 10) to base 13.
-5
Convert -d2 (base 14) to base 9.
-224
What is -55 (base 14) in base 12?
-63
-36 (base 11) to base 5
-124
-11111 (base 2) to base 6
-51
What is 1 (base 11) in base 10?
1
What is 3a (base 11) in base 6?
111
What is -14 (base 6) in base 5?
-20
What is 3 (base 5) in base 4?
3
Convert -1 (base 16) to base 3.
-1
What